e the prime factors of 2011987?
2011987
List the prime factors of 98080.
2, 5, 613
What are the prime factors of 15802713?
3, 673, 2609
What are the prime factors of 3314594?
2, 139, 11923
What are the prime factors of 2500205?
5, 500041
List the prime factors of 1339012.
2, 334753
What are the prime factors of 5147031?
3, 139, 12343
What are the prime factors of 1517588?
2, 379397
What are the prime factors of 6263972?
2, 11, 13, 47, 233
List the prime factors of 1274755.
5, 109, 2339
List the prime factors of 10218071.
17, 647, 929
What are the prime factors of 320357?
457, 701
What are the prime factors of 571505?
5, 11, 10391
What are the prime factors of 1060079?
43, 89, 277
List the prime factors of 28634.
2, 103, 139
What are the prime factors of 1889854?
2, 19, 41, 1213
List the prime factors of 54132.
2, 3, 13, 347
What are the prime factors of 50568?
2, 3, 7, 43
What are the prime factors of 190904?
2, 7, 487
What are the prime factors of 1623310?
2, 5, 13, 12487
List the prime factors of 3020213.
7, 61637
What are the prime factors of 93846?
2, 3, 15641
What are the prime factors of 222022?
2, 31, 3581
List the prime factors of 129964.
2, 32491
List the prime factors of 177839.
177839
List the prime factors of 282611.
7, 47, 859
What are the prime factors of 33276922?
2, 7, 17, 89, 1571
What are the prime factors of 2110462?
2, 1055231
List the prime factors of 3355191.
3, 7, 19, 2803
What are the prime factors of 1009695?
3, 5, 83, 811
What are the prime factors of 593654?
2, 296827
What are the prime factors of 1972701?
3, 73063
List the prime factors of 304236.
2, 3, 313
What are the prime factors of 20860?
2, 5, 7, 149
What are the prime factors of 58086?
2, 3, 7, 461
What are the prime factors of 250313?
7, 35759
What are the prime factors of 25193570?
2, 5, 659, 3823
List the prime factors of 3062929.
3062929
List the prime factors of 3530182.
2, 41, 43051
What are the prime factors of 2147475?
3, 5, 11, 19, 137
List the prime factors of 330685.
5, 66137
What are the prime factors of 26493?
3, 8831
List the prime factors of 14817.
3, 11, 449
List the prime factors of 114259.
114259
List the prime factors of 8656351.
11, 786941
What are the prime factors of 4932086?
2, 47, 71, 739
What are the prime factors of 5222937?
3, 571, 3049
List the prime factors of 604974.
2, 3, 100829
List the prime factors of 438811.
137, 3203
List the prime factors of 4893034.
2, 2446517
What are the prime factors of 1674642?
2, 3, 79, 3533
What are the prime factors of 2182948?
2, 19, 28723
List the prime factors of 174486.
2, 3, 13, 2237
What are the prime factors of 24956?
2, 17, 367
What are the prime factors of 449064?
2, 3, 7, 11
List the prime factors of 277005.
3, 5, 59, 313
What are the prime factors of 7277037?
3, 17, 97, 1471
What are the prime factors of 16523636?
2, 163, 25343
List the prime factors of 11516696.
2, 193, 7459
What are the prime factors of 669285?
3, 5, 107, 139
List the prime factors of 123798.
2, 3, 47, 439
List the prime factors of 10613570.
2, 5, 11, 96487
List the prime factors of 31805.
5, 6361
What are the prime factors of 679505?
5, 37, 3673
What are the prime factors of 243951?
3, 233, 349
List the prime factors of 710691.
3, 236897
What are the prime factors of 402481?
277, 1453
List the prime factors of 190679.
47, 4057
What are the prime factors of 12878185?
5, 79, 32603
List the prime factors of 6723037.
6723037
What are the prime factors of 80372?
2, 71, 283
List the prime factors of 11478205.
5, 43, 197, 271
What are the prime factors of 22043933?
19, 1160207
List the prime factors of 144530.
2, 5, 97, 149
List the prime factors of 269616.
2, 3, 41, 137
List the prime factors of 2925955.
5, 17, 29, 1187
What are the prime factors of 925518?
2, 3, 11, 37, 379
What are the prime factors of 2258652?
2, 3, 11, 71, 241
List the prime factors of 4876583.
53, 101, 911
What are the prime factors of 14055470?
2, 5, 11, 13, 9829
List the prime factors of 30468152.
2, 11, 13, 26633
What are the prime factors of 5585252?
2, 251, 5563
What are the prime factors of 97909?
7, 71, 197
What are the prime factors of 854476?
2, 7, 30517
List the prime factors of 2118984.
2, 3, 7, 12613
List the prime factors of 324595.
5, 64919
What are the prime factors of 99700?
2, 5, 997
List the prime factors of 977009.
11, 88819
List the prime factors of 51598.
2, 25799
List the prime factors of 409179.
3, 136393
What are the prime factors of 227089?
227089
What are the prime factors of 706253?
706253
List the prime factors of 487414.
2, 243707
List the prime factors of 205029.
3, 11, 19, 109
List the prime factors of 10339504.
2, 7, 92317
List the prime factors of 4786803.
3, 7, 19, 31, 43
What are the prime factors of 158824?
2, 19853
List the prime factors of 230237.
7, 31, 1061
List the prime factors of 12534889.
19, 41, 16091
What are the prime factors of 394019?
394019
List the prime factors of 29176368.
2, 3, 13, 46757
List the prime factors of 43374510.
2, 3, 5, 481939
What are the prime factors of 3914400?
2, 3, 5, 7, 233
What are the prime factors of 148218?
2, 3, 7, 3529
List the prime factors of 3388381.
1811, 1871
List the prime factors of 102898.
2, 51449
What are the prime factors of 2221141?
13, 170857
List the prime factors of 714789.
3, 43, 1847
List the prime factors of 9132917.
9132917
What are the prime factors of 538798?
2, 13, 17, 23, 53
List the prime factors of 8321.
53, 157
List the prime factors of 2208537.
3, 211, 1163
List the prime factors of 874507.
71, 109, 113
What are the prime factors of 2322289?
229, 10141
List the prime factors of 649652.
2, 162413
List the prime factors of 27969995.
5, 19, 41, 43, 167
What are the prime factors of 145088?
2, 2267
What are the prime factors of 83792?
2, 5237
What are the prime factors of 2619379?
7, 109, 3433
List the prime factors of 541638.
2, 3, 30091
List the prime factors of 473799.
3, 157933
List the prime factors of 5392492.
2, 7, 29, 229
What are the prime factors of 2583664?
2, 31, 5209
List the prime factors of 668348.
2, 167087
List the prime factors of 473449.
53, 8933
List the prime factors of 1134140.
2, 5, 7, 8101
What are the prime factors of 170425?
5, 17, 401
List the prime factors of 13496865.
3, 5, 899791
List the prime factors of 227159.
227159
What are the prime factors of 19751448?
2, 3, 43, 19139
What are the prime factors of 193880?
2, 5, 37, 131
What are the prime factors of 273945?
3, 5, 7, 2609
List the prime factors of 110219.
19, 5801
List the prime factors of 8523151.
7, 13, 229, 409
What are the prime factors of 174427?
11, 101, 157
What are the prime factors of 9565173?
3, 1062797
What are the prime factors of 195313?
17, 11489
List the prime factors of 198397.
198397
List the prime factors of 896653.
449, 1997
What are the prime factors of 679611?
3, 19, 11923
List the prime factors of 10087514.
2, 109, 46273
What are the prime factors of 3033560?
2, 5, 181, 419
What are the prime factors of 26218075?
5, 13, 80671
What are the prime factors of 361932?
2, 3, 30161
What are the prime factors of 2363891?
2363891
What are the prime factors of 1823887?
13, 307, 457
What are the prime factors of 383597?
179, 2143
List the prime factors of 56227.
59, 953
List the prime factors of 17932.
2, 4483
What are the prime factors of 320897?
223, 1439
List the prime factors of 1020090.
2, 3, 5, 37, 919
What are the prime factors of 10256391?
3, 617, 1847
What are the prime factors of 201561?
3, 67187
List the prime factors of 24869287.
3001, 8287
What are the prime factors of 4254?
2, 3, 709
List the prime factors of 125345.
5, 11, 43, 53
List the prime factors of 1003430.
2, 5, 100343
List the prime factors of 32278875.
3, 5, 86077
What are the prime factors of 1212571?
79, 15349
What are the prime factors of 207261?
3, 23029
What are the prime factors of 391262?
2, 83, 2357
What are the prime factors of 6166987?
6166987
What are the prime factors of 357343?
7, 71, 719
What are the prime factors of 9281810?
2, 5, 89, 10429
What are the prime factors of 2085?
3, 5, 139
List the prime factors of 4071687.
3, 17, 29, 2753
List the prime factors of 8205518.
2, 43, 95413
What are the prime factors of 212636?
2, 17, 53, 59
List the prime factors of 454